{"id":972,"date":"2021-05-01T17:09:33","date_gmt":"2021-05-01T17:09:33","guid":{"rendered":"https:\/\/iranianrayka.ir\/?page_id=972"},"modified":"2021-05-07T17:21:07","modified_gmt":"2021-05-07T17:21:07","slug":"la-vision-d-entreprise","status":"publish","type":"page","link":"https:\/\/iranianrayka.ir\/?page_id=972&lang=fr","title":{"rendered":"La vision d&#8217; entreprise"},"content":{"rendered":"\t\t<div data-elementor-type=\"wp-page\" data-elementor-id=\"972\" class=\"elementor elementor-972\" data-elementor-settings=\"[]\">\n\t\t\t\t\t\t<div class=\"elementor-inner\">\n\t\t\t\t\t\t\t<div class=\"elementor-section-wrap\">\n\t\t\t\t\t\t\t<section class=\"elementor-section elementor-top-section elementor-element elementor-element-bbab70d elementor-section-boxed elementor-section-height-default elementor-section-height-default\" data-id=\"bbab70d\" data-element_type=\"section\">\n\t\t\t\t\t\t<div class=\"elementor-container elementor-column-gap-default\">\n\t\t\t\t\t\t\t<div class=\"elementor-row\">\n\t\t\t\t\t<div class=\"elementor-column elementor-col-100 elementor-top-column elementor-element elementor-element-531cab0\" data-id=\"531cab0\" data-element_type=\"column\">\n\t\t\t<div class=\"elementor-column-wrap elementor-element-populated\">\n\t\t\t\t\t\t\t<div class=\"elementor-widget-wrap\">\n\t\t\t\t\t\t<div class=\"elementor-element elementor-element-3b46c19 elementor-widget elementor-widget-text-editor\" data-id=\"3b46c19\" data-element_type=\"widget\" data-widget_type=\"text-editor.default\">\n\t\t\t\t<div class=\"elementor-widget-container\">\n\t\t\t\t\t\t\t\t<div class=\"elementor-text-editor elementor-clearfix\">\n\t\t\t\t\t<h2 style=\"text-align: center;\">NOTRE VISION<\/h2><h4 id=\"tw-target-text\" class=\"tw-data-text tw-text-large XcVN5d tw-ta\" dir=\"ltr\" data-placeholder=\"Translation\"><span class=\"Y2IQFc\" lang=\"fr\">1. Le premier choix des consommateurs iraniens <\/span><\/h4><h4 class=\"tw-data-text tw-text-large XcVN5d tw-ta\" dir=\"ltr\" data-placeholder=\"Translation\"><span class=\"Y2IQFc\" lang=\"fr\">2. Partenaire reconnu de l&#8217;industrie alimentaire <\/span><\/h4><h4 class=\"tw-data-text tw-text-large XcVN5d tw-ta\" dir=\"ltr\" data-placeholder=\"Translation\"><span class=\"Y2IQFc\" lang=\"fr\">3. Exportateur exemplaire dans le pays<\/span><\/h4><h2 style=\"text-align: center;\">\u00a0<\/h2><h2 style=\"text-align: center;\">NOS VALEURS<\/h2><h4 id=\"tw-target-text\" class=\"tw-data-text tw-text-large XcVN5d tw-ta\" dir=\"ltr\" data-placeholder=\"Translation\"><span class=\"Y2IQFc\" lang=\"fr\">Honn\u00eatet\u00e9<\/span><\/h4><h4 class=\"tw-data-text tw-text-large XcVN5d tw-ta\" dir=\"ltr\" data-placeholder=\"Translation\"><span class=\"Y2IQFc\" lang=\"fr\">Transparence <\/span><\/h4><h4 class=\"tw-data-text tw-text-large XcVN5d tw-ta\" dir=\"ltr\" data-placeholder=\"Translation\"><span class=\"Y2IQFc\" lang=\"fr\">La qualit\u00e9 des produits <\/span><\/h4><h4 class=\"tw-data-text tw-text-large XcVN5d tw-ta\" dir=\"ltr\" data-placeholder=\"Translation\"><span class=\"Y2IQFc\" lang=\"fr\">La dignit\u00e9 humaine responsabilit\u00e9<\/span><\/h4>\t\t\t\t\t<\/div>\n\t\t\t\t\t\t<\/div>\n\t\t\t\t<\/div>\n\t\t\t\t\t\t<\/div>\n\t\t\t\t\t<\/div>\n\t\t<\/div>\n\t\t\t\t\t\t\t\t<\/div>\n\t\t\t\t\t<\/div>\n\t\t<\/section>\n\t\t\t\t<section class=\"elementor-section elementor-top-section elementor-element elementor-element-32b488c elementor-section-boxed elementor-section-height-default elementor-section-height-default\" data-id=\"32b488c\" data-element_type=\"section\">\n\t\t\t\t\t\t<div class=\"elementor-container elementor-column-gap-default\">\n\t\t\t\t\t\t\t<div class=\"elementor-row\">\n\t\t\t\t\t<div class=\"elementor-column elementor-col-100 elementor-top-column elementor-element elementor-element-609b900\" data-id=\"609b900\" data-element_type=\"column\">\n\t\t\t<div class=\"elementor-column-wrap elementor-element-populated\">\n\t\t\t\t\t\t\t<div class=\"elementor-widget-wrap\">\n\t\t\t\t\t\t<div class=\"elementor-element elementor-element-fd64d13 elementor-widget elementor-widget-image\" data-id=\"fd64d13\" data-element_type=\"widget\" data-widget_type=\"image.default\">\n\t\t\t\t<div class=\"elementor-widget-container\">\n\t\t\t\t\t\t\t\t<div class=\"elementor-image\">\n\t\t\t\t\t\t\t\t\t\t\t\t<img loading=\"lazy\" decoding=\"async\" width=\"768\" height=\"1024\" src=\"https:\/\/iranianrayka.ir\/wp-content\/uploads\/2021\/04\/Gh2-768x1024.jpg\" class=\"attachment-large size-large\" alt=\"\" srcset=\"https:\/\/iranianrayka.ir\/wp-content\/uploads\/2021\/04\/Gh2-768x1024.jpg 768w, https:\/\/iranianrayka.ir\/wp-content\/uploads\/2021\/04\/Gh2-225x300.jpg 225w, https:\/\/iranianrayka.ir\/wp-content\/uploads\/2021\/04\/Gh2-1152x1536.jpg 1152w, https:\/\/iranianrayka.ir\/wp-content\/uploads\/2021\/04\/Gh2-1536x2048.jpg 1536w, https:\/\/iranianrayka.ir\/wp-content\/uploads\/2021\/04\/Gh2-960x1280.jpg 960w, https:\/\/iranianrayka.ir\/wp-content\/uploads\/2021\/04\/Gh2-60x80.jpg 60w, https:\/\/iranianrayka.ir\/wp-content\/uploads\/2021\/04\/Gh2-620x827.jpg 620w, https:\/\/iranianrayka.ir\/wp-content\/uploads\/2021\/04\/Gh2-460x613.jpg 460w, https:\/\/iranianrayka.ir\/wp-content\/uploads\/2021\/04\/Gh2-365x487.jpg 365w, https:\/\/iranianrayka.ir\/wp-content\/uploads\/2021\/04\/Gh2-300x400.jpg 300w, https:\/\/iranianrayka.ir\/wp-content\/uploads\/2021\/04\/Gh2-600x800.jpg 600w, https:\/\/iranianrayka.ir\/wp-content\/uploads\/2021\/04\/Gh2-scaled.jpg 1920w\" sizes=\"auto, (max-width: 768px) 100vw, 768px\" \/>\t\t\t\t\t\t\t\t\t\t\t\t\t\t<\/div>\n\t\t\t\t\t\t<\/div>\n\t\t\t\t<\/div>\n\t\t\t\t\t\t<\/div>\n\t\t\t\t\t<\/div>\n\t\t<\/div>\n\t\t\t\t\t\t\t\t<\/div>\n\t\t\t\t\t<\/div>\n\t\t<\/section>\n\t\t\t\t<section class=\"elementor-section elementor-top-section elementor-element elementor-element-6add118 elementor-section-boxed elementor-section-height-default elementor-section-height-default\" data-id=\"6add118\" data-element_type=\"section\">\n\t\t\t\t\t\t<div class=\"elementor-container elementor-column-gap-default\">\n\t\t\t\t\t\t\t<div class=\"elementor-row\">\n\t\t\t\t\t<div class=\"elementor-column elementor-col-100 elementor-top-column elementor-element elementor-element-dd50e59\" data-id=\"dd50e59\" data-element_type=\"column\">\n\t\t\t<div class=\"elementor-column-wrap\">\n\t\t\t\t\t\t\t<div class=\"elementor-widget-wrap\">\n\t\t\t\t\t\t\t\t<\/div>\n\t\t\t\t\t<\/div>\n\t\t<\/div>\n\t\t\t\t\t\t\t\t<\/div>\n\t\t\t\t\t<\/div>\n\t\t<\/section>\n\t\t\t\t<section class=\"elementor-section elementor-top-section elementor-element elementor-element-9cfb784 elementor-section-boxed elementor-section-height-default elementor-section-height-default\" data-id=\"9cfb784\" data-element_type=\"section\">\n\t\t\t\t\t\t<div class=\"elementor-container elementor-column-gap-default\">\n\t\t\t\t\t\t\t<div class=\"elementor-row\">\n\t\t\t\t\t<div class=\"elementor-column elementor-col-100 elementor-top-column elementor-element elementor-element-20db42a\" data-id=\"20db42a\" data-element_type=\"column\">\n\t\t\t<div class=\"elementor-column-wrap elementor-element-populated\">\n\t\t\t\t\t\t\t<div class=\"elementor-widget-wrap\">\n\t\t\t\t\t\t<div class=\"elementor-element elementor-element-a191ab9 elementor-widget elementor-widget-text-editor\" data-id=\"a191ab9\" data-element_type=\"widget\" data-widget_type=\"text-editor.default\">\n\t\t\t\t<div class=\"elementor-widget-container\">\n\t\t\t\t\t\t\t\t<div class=\"elementor-text-editor elementor-clearfix\">\n\t\t\t\t\t<h4 id=\"tw-target-text\" class=\"tw-data-text tw-text-large XcVN5d tw-ta\" dir=\"ltr\" data-placeholder=\"Translation\"><span class=\"Y2IQFc\" lang=\"fr\">Afin de remplir les obligations Nous utilisons les meilleures m\u00e9thodes de production de champignons et nous sommes toujours \u00e0 la recherche des m\u00e9thodes les meilleures et les plus \u00e0 jour au monde afin de les am\u00e9liorer continuellement. L&#8217;\u00e9tude et la recherche sur les march\u00e9s \u00e9trangers, l&#8217;utilisation de nouvelles technologies et de machines modernes et l&#8217;utilisation de forces sp\u00e9cialis\u00e9es, engag\u00e9es et assidues assurent la r\u00e9alisation de nos objectifs.<\/span><\/h4>\t\t\t\t\t<\/div>\n\t\t\t\t\t\t<\/div>\n\t\t\t\t<\/div>\n\t\t\t\t\t\t<\/div>\n\t\t\t\t\t<\/div>\n\t\t<\/div>\n\t\t\t\t\t\t\t\t<\/div>\n\t\t\t\t\t<\/div>\n\t\t<\/section>\n\t\t\t\t\t\t<\/div>\n\t\t\t\t\t\t<\/div>\n\t\t\t\t\t<\/div>\n\t\t","protected":false},"excerpt":{"rendered":"<p class=\"tx-excerpt\">NOTRE VISION 1. Le premier choix des consommateurs iraniens 2. Partenaire reconnu de l&#8217;industrie alimentaire 3. Exportateur exemplaire dans le pays \u00a0 NOS VALEURS Honn\u00eatet\u00e9 Transparence La qualit\u00e9 des produits La dignit\u00e9 humaine<div class=\"tx-read-more\"><a href=\"https:\/\/iranianrayka.ir\/?page_id=972&#038;lang=fr\">\u0627\u062f\u0627\u0645\u0647 \u0645\u0637\u0644\u0628<\/a><\/div>","protected":false},"author":1,"featured_media":0,"parent":0,"menu_order":0,"comment_status":"closed","ping_status":"closed","template":"","meta":{"footnotes":""},"class_list":["post-972","page","type-page","status-publish","hentry"],"_links":{"self":[{"href":"https:\/\/iranianrayka.ir\/index.php?rest_route=\/wp\/v2\/pages\/972","targetHints":{"allow":["GET"]}}],"collection":[{"href":"https:\/\/iranianrayka.ir\/index.php?rest_route=\/wp\/v2\/pages"}],"about":[{"href":"https:\/\/iranianrayka.ir\/index.php?rest_route=\/wp\/v2\/types\/page"}],"author":[{"embeddable":true,"href":"https:\/\/iranianrayka.ir\/index.php?rest_route=\/wp\/v2\/users\/1"}],"replies":[{"embeddable":true,"href":"https:\/\/iranianrayka.ir\/index.php?rest_route=%2Fwp%2Fv2%2Fcomments&post=972"}],"version-history":[{"count":7,"href":"https:\/\/iranianrayka.ir\/index.php?rest_route=\/wp\/v2\/pages\/972\/revisions"}],"predecessor-version":[{"id":1487,"href":"https:\/\/iranianrayka.ir\/index.php?rest_route=\/wp\/v2\/pages\/972\/revisions\/1487"}],"wp:attachment":[{"href":"https:\/\/iranianrayka.ir\/index.php?rest_route=%2Fwp%2Fv2%2Fmedia&parent=972"}],"curies":[{"name":"wp","href":"https:\/\/api.w.org\/{rel}","templated":true}]}}